
Is 381879 a multiple of 6?
False
Is 7147043 a multiple of 74?
False
Is 45 a factor of 3809070?
True
Does 30 divide 285620?
False
Is 4897293 a multiple of 93?
False
Is 6 a factor of 2406102?
True
Does 3 divide 1390979?
False
Is 23 a factor of 74511?
False
Is 1733638 a multiple of 3?
False
Is 296 a factor of 291131?
False
Is 949525 a multiple of 237?
False
Is 8012224 a multiple of 1198?
True
Does 113 divide 8310883?
False
Does 152 divide 3940904?
True
Is 738582 a multiple of 17?
True
Does 395 divide 733086?
False
Is 1039 a factor of 2227733?
False
Does 25 divide 667966?
False
Is 3552 a multiple of 16?
True
Is 657662 a multiple of 18?
False
Is 7126903 a multiple of 65?
False
Is 720 a factor of 609882?
False
Is 2175581 a multiple of 555?
False
Is 538416 a multiple of 144?
True
Is 516544 a multiple of 33?
False
Does 370 divide 186850?
True
Is 39 a factor of 2539056?
True
Is 230608 a multiple of 203?
True
Is 62 a factor of 460050?
False
Is 1070138 a multiple of 351?
False
Is 23 a factor of 139226?
False
Is 265976 a multiple of 9?
False
Is 13646089 a multiple of 510?
False
Is 27810 a multiple of 68?
False
Does 263 divide 290615?
True
Does 40 divide 453480?
True
Does 3 divide 112044?
True
Is 6 a factor of 523014?
True
Does 8 divide 1190152?
True
Does 36 divide 160542?
False
Is 35 a factor of 4734240?
True
Is 107 a factor of 370434?
True
Is 4198459 a multiple of 100?
False
Does 11 divide 374429?
True
Does 253 divide 130548?
True
Does 120 divide 233552?
False
Does 52 divide 7465328?
True
Is 23 a factor of 2157239?
True
Is 267157 a multiple of 10?
False
Does 27 divide 16597048?
False
Does 147 divide 152292?
True
Does 57 divide 312930?
True
Does 48 divide 132672?
True
Is 12881 a multiple of 5?
False
Is 62 a factor of 3127174?
False
Is 8 a factor of 6264?
True
Is 88 a factor of 307824?
True
Is 329598 a multiple of 308?
False
Is 229049 a multiple of 144?
False
Is 18 a factor of 3366?
True
Does 9 divide 1499728?
False
Does 170 divide 8356520?
True
Is 120676 a multiple of 4?
True
Is 779025 a multiple of 425?
True
Is 10 a factor of 107026?
False
Does 21 divide 1015414?
False
Does 100 divide 72500?
True
Is 1329484 a multiple of 13?
True
Is 21 a factor of 36272?
False
Is 7008601 a multiple of 153?
False
Is 82 a factor of 9213684?
True
Is 1265710 a multiple of 94?
True
Is 8 a factor of 1622792?
True
Does 7 divide 42548?
False
Does 60 divide 1559270?
False
Is 218 a factor of 383838?
False
Does 150 divide 205154?
False
Does 14 divide 475570?
False
Is 210729 a multiple of 2?
False
Does 12 divide 531072?
True
Does 8 divide 170632?
True
Is 110 a factor of 106821?
False
Is 216 a factor of 2136456?
True
Does 31 divide 1442895?
True
Is 1549164 a multiple of 18?
False
Is 32 a factor of 741147?
False
Is 72 a factor of 183600?
True
Is 20613535 a multiple of 1735?
True
Does 258 divide 1162032?
True
Does 29 divide 2083?
False
Does 315 divide 161280?
True
Does 26 divide 1226342?
True
Does 663 divide 847329?
False
Does 315 divide 495810?
True
Is 3502460 a multiple of 380?
True
Is 901357 a multiple of 121?
False
Is 320111 a multiple of 833?
False
Is 5 a factor of 530286?
False
Is 7 a factor of 7900621?
False
Is 350561 a multiple of 6?
False
Does 258 divide 1211568?
True
Is 4 a factor of 1614970?
False
Does 18 divide 3014802?
True
Does 8 divide 14719296?
True
Is 311228 a multiple of 41?
False
Is 1234773 a multiple of 5?
False
Does 255 divide 1356802?
False
Is 15 a factor of 360990?
True
Is 16 a factor of 1040448?
True
Is 4359792 a multiple of 16?
True
Does 16 divide 25035167?
False
Is 97465 a multiple of 101?
True
Is 7 a factor of 37170?
True
Is 29358672 a multiple of 348?
True
Does 10 divide 2047000?
True
Is 1737 a factor of 28657026?
True
Does 74 divide 688866?
True
Is 94276 a multiple of 259?
True
Does 122 divide 300242?
True
Does 99 divide 907137?
True
Does 2 divide 17317?
False
Is 355360 a multiple of 20?
True
Is 405 a factor of 161616?
False
Is 42 a factor of 395178?
True
Does 13 divide 214711?
False
Is 116667 a multiple of 58?
False
Is 19662 a multiple of 3?
True
Is 20790 a multiple of 3?
True
Does 456 divide 192432?
True
Is 79288 a multiple of 4?
True
Does 49 divide 49522?
False
Is 24 a factor of 356184?
True
Is 4 a factor of 324004?
True
Does 350 divide 119350?
True
Is 4 a factor of 7770881?
False
Does 271 divide 1400675?
False
Does 27 divide 12415194?
True
Is 227 a factor of 156630?
True
Is 172 a factor of 961996?
True
Is 6444510 a multiple of 601?
False
Is 237471 a multiple of 39?
True
Is 40421 even?
False
Is 27 a factor of 67751?
False
Is 17 a factor of 423099?
False
Is 4864962 a multiple of 196?
False
Is 3904016 a multiple of 272?
True
Is 839250 a multiple of 45?
True
Is 113082 a multiple of 44?
False
Does 40 divide 192361?
False
Does 30 divide 4964158?
False
Does 125 divide 19910250?
True
Is 2 a factor of 59832?
True
Is 29154 a multiple of 43?
True
Is 107663 a multiple of 34?
False
Does 119 divide 845790?
False
Is 40 a factor of 5010592?
False
Is 68 a factor of 4858?
False
Is 39 a factor of 59472?
False
Is 1100140 a multiple of 821?
True
Is 14 a factor of 15333?
False
Does 26 divide 6374420?
True
Is 37 a factor of 4941480?
False
Does 2 divide 9218?
True
Is 84942 a multiple of 66?
True
Does 48 divide 1137504?
True
Is 1858 a factor of 8431604?
True
Does 2 divide 17645?
False
Is 126 a factor of 7729872?
False
Is 181206 a multiple of 18?
True
Is 973252 a multiple of 28?
True
Is 19159477 a multiple of 1989?
False
Is 535 a factor of 381297?
False
Is 768200 a multiple of 92?
True
Is 101 a factor of 1040906?
True
Is 5644680 a multiple of 20?
True
Is 3064282 a multiple of 494?
True
Is 2752794 a multiple of 9?
True
Is 25453258 a multiple of 959?
False
Is 7084518 a multiple of 42?
True
Does 54 divide 96228?
True
Is 202494 a multiple of 71?
False
Is 4245871 a multiple of 12?
False
Does 415 divide 5279811?
False
Is 4 a factor of 644333?
False
Is 14 a factor of 171399?
False
Is 66 a factor of 14341704?
False
Does 8 divide 2228001?
False
Does 77 divide 156195?
False
Does 8 divide 349808?
True
Is 31 a factor of 58900?
True
Is 101780 a multiple of 140?
True
Does 77 divide 1702085?
True
Does 53 divide 130815?
False
Does 570 divide 546060?
True
Does 76 divide 110117?
False
Does 61 divide 224175?
True
Is 1003482 a multiple of 27?
True
Is 48779 a multiple of 7?
False
Is 176 a factor of 26928?
True
Does 9 divide 590688?
True
Does 31 divide 3251094?
True
Is 7375281 a multiple of 64?
False
Is 17 a factor of 251559?
False
Does 307 divide 2063347?
True
Is 23 a factor of 175283?
True
Is 270 a factor of 17014860?
True
Is 17 a factor of 44965?
True
Does 219 divide 7939041?
False
Does 7 divide 300825?
True
Is 138893 a multiple of 3?
False
Is 20799399 a multiple of 709?
False
Does 15 divide 4222380?
True
Does 301 divide 614943?
True
Does 34 divide 1362040?
True
Is 5526 a multiple of 9?
True
Is 30 a factor of 3538710?
True
Is 182070 a multiple of 45?
True
Is 2835560 a multiple of 665?
True
Is 295957 a multiple of 3?
False
Is 49940 a multiple of 789?
False
Does 106 divide 11451922?
True
Does 452 divide 2494588?
True
Is 1229569 a multiple of 42?
False
Does 132 divide 2839188?
True
Is 524 a factor of 15391902?
False
Is 599841 a multiple of 83?
True
Is 54 a factor of 92429?
False
Is 17 a factor of 4350044?
False
Does 24 divide 1120207?
False
Is 2007776 a multiple of 16?
True
Does 23 divide 2749387?
False
Is 1796 a factor of 5290758?
False
Does 59 divide 285908?
False
Is 1059 a factor of 76248?
True
Does 280 divide 37240?
True
Is 66 a factor of 12769?
False
Is 39 a factor of 429195?
True
Is 10 a factor of 319110?
True
Does 310 divide 882570?
True
Is 353 a factor of 175088?
True
Is 1016 a factor of 6039?
False
Does 13 divide 198913?
True
Is 8087 a multiple of 138?
False
Does 238 divide 632842?
True
Does 19 divide 854525?
True
Does 570 divide 240540?
True
Does 24 divide 88992?
True
Does 519 divide 1572764?
False
Does 11 divide 284636?
True
Is 384700 a multiple of 3?
False
Is 423 a factor of 59643?
True
Is 738569 a multiple of 107?
False
Is 7 a factor of 2364?
False
Is 26 a factor of 2581732?
False
Is 48 a factor of 425904?
True
Does 16 divide 3982262?
False
Is 23842 a multiple of 7?
True
Is 3891793 a multiple of 78?
False
Does 14 divide 1109458?
True
Does 28 divide 1093316?
True
Is 8336 even?
True
